2 - 28 + 19 + 2*c**2. Determine v(-17).
38
Suppose 0 = -7*u + 140 - 92 - 76. Let k(r) = r**3 + 6*r**2 + 2*r - 18. What is k(u)?
6
Let p(v) = 272*v**2 + 44*v - 264. Let w(g) = -39*g**2 - 6*g + 36. Let z(m) = 3*p(m) + 22*w(m). Suppose x + 4*x = -5. Determine z(x).
-42
Let s(n) = 3*n + 9. Suppose -60*l + 81 = -87*l. Give s(l).
0
Let k(t) = 16*t + 12*t - 39 + 44*t - 69*t. What is k(14)?
3
Let w(a) be the third derivative of -5*a**4/24 - 13*a**3/6 + 8*a**2. Let u(r) = 6*r + 14. Let k(l) = -4*u(l) - 5*w(l). Let y = -51 + 45. Calculate k(y).
3
Let o(x) be the second derivative of -1/2*x**3 - 1/60*x**5 + 1/4*x**4 + 0 + 0*x**2 - 15*x. Let u(a) be the second derivative of o(a). Determine u(5).
-4
Let j(q) = 2*q**3 + 7*q**2 + q - 4. Let r(w) = -2*w**2 + w. Let s(i) = j(i) + 3*r(i). Determine s(-3).
-61
Suppose 35*y - 22*y - 65 = 0. Let p(o) = -2 - y*o - 6*o + 32385*o**2 - 32374*o**2 - o**3. Give p(10).
-12
Let x(n) be the third derivative of n**7/5040 + n**6/45 - 13*n**5/6 + 158*n**2. Let y(i) be the third derivative of x(i). Give y(-9).
7
Let n(s) = s**2 + 8*s - 5. Suppose 8*g + 3*m - 56 = 6*g, 133 = 5*g + 4*m. Suppose -4*k = -22*l + g*l + 16, 24 = -2*l + 4*k. What is n(l)?
-5
Let c(r) be the third derivative of -r**5/20 + r**4/6 + r**3/2 + 253*r**2 + 18*r. Determine c(-1).
-4
Let i(j) = 2*j**2 + 0*j**2 - 30*j - 7221 + 7221. Determine i(15).
0
Let n(s) = 2*s. Let r(w) = -3*w + 1. Suppose 0 = 3*l + 293 - 284. Let q(f) = l*r(f) - 4*n(f). Give q(4).
1
Suppose -3*y - 20*u + 16*u = 28, 4*y = -u - 33. Let h(j) = -j**2 - 18*j - 75. Give h(y).
5
Let p(o) be the third derivative of 0*o + 0 - 4/3*o**3 - 28*o**2 + 1/60*o**5 + 5/24*o**4. What is p(-6)?
-2
Let x = -1 - -8. Suppose 2*s + 1 + x = 0, -5*s = 4*w + 252. Let y = w + 53. Let h(f) = -f - 11. Determine h(y).
-6
Let s(j) = j**3 + 9*j**2 - 138*j - 24. Let z be s(-17). Let o(m) = 26*m + 39*m - 66*m + z. Calculate o(4).
6
Let j(o) = o - 1. Let t(f) = -11*f**2 + 4*f - 3. Let p(z) = -3*j(z) + t(z). Suppose -45*w = -46*w + 3. Suppose 0*d - w = -3*d. Calculate p(d).
-10
Suppose 3*t - 2*l - 8 = 2*l, -5*l = 3*t + 10. Let h(x) = x + 713. Let u(f) = -f - 354. Let m(p) = h(p) + 2*u(p). Calculate m(t).
5
Let i(m) = 20*m - 41. Let s(h) = -96*h + 209. Let b(v) = -11*i(v) - 2*s(v). Calculate b(1).
5
Let y be 7 - (-9)/54*20*90/(-25). Let n(d) = 9*d + 47. Calculate n(y).
2
Let c be -7*((168/(-18))/(-7) + (-2)/6). Let v(q) = -q**3 - 7*q**2 - 3*q - 13. Give v(c).
8
Let x = 272 - 269. Suppose x*n + 1293 - 1296 = 0. Let v(y) = 4*y + 1. Give v(n).
5
Let z(i) = -11 - 11*i + i**2 - 18 - 33 + 84. Calculate z(12).
34
Let l(d) = 7*d - 21*d**2 + 11*d + 8*d + 46 - d**3 - 25*d + d**2. Determine l(-20).
26
Let b(z) = 4*z**2 - 27*z - 64. Let l(t) = -3*t**2 + 20*t + 49. Let d(p) = 13*b(p) + 17*l(p). What is d(7)?
-27
Let r(q) = q**2 - q. Let k(a) = -2*a**3 - 6*a**2 + 2*a - 1. Let d(c) = -k(c) - 3*r(c). Let u be (3/((-315)/30))/((-2)/(-14)). Calculate d(u).
-5
Let x(f) = f**2 + 6*f + 4. Let w(v) = -v**3 - 3*v**2 + 7*v - 2. Let k be w(-7). Let i = k - 149. Determine x(i).
-4
Let q be 1/((-1)/(-3)*-1). Let f be (2/(-4))/((-13)/6 - -2). Let s(u) = 5 - 3*u + 6*u - f*u**3 + 2*u**3 - 6. Give s(q).
17
Let x = -14559 + 14605. Let h(f) = -f**2 + 44*f + 89. What is h(x)?
-3
Let z(u) = -u**2 + 4*u + 7. Suppose 74 = m + 78. Let h be 3/(-3) - (m + 21). Let i(y) = y**3 + 19*y**2 + 19*y + 23. Let a be i(h). Give z(a).
2
Let l(p) be the first derivative of p**2 - 26*p + 49. Let f(n) = -n + 12. Let b(c) = 13*f(c) + 6*l(c). Suppose 2*m = 8, 4*m = 5*a - 24 + 5. Calculate b(a).
-7
Let o(f) be the first derivative of f + 180 - 1/3*f**3 - 5/2*f**2. What is o(-6)?
-5
Let m(q) = -q**3 + q**2 + q - 2. Let j(o) = 5*o**3 - 8*o**2 - 2*o + 8. Let a(n) = -j(n) - 6*m(n). Give a(2).
12
Let o(l) be the second derivative of -l**4/12 - 7*l**3/6 - 3*l**2 - 5*l. Let v be -7 - (-105)/15 - (-1 + 7). Give o(v).
0
Let z(d) = 5*d + 12. Suppose -15 = -35*c + 38*c. Let r(q) = -1. Let i(b) = c*r(b) - z(b). Let s(y) = -y + 2. Let k be s(7). What is i(k)?
18
Let x be (60/40)/(6/(-128)). Let g(y) = -y - 28. Let u be g(x). Let z(h) = h**3 - 3*h**2 - 3*h + 5. Determine z(u).
9
Let d = 389 + -632. Let v = -252 - d. Let y(h) = -h**3 - 10*h**2 - 9*h + 2. What is y(v)?
2
Let b = 202 + -198. Let t(d) = 945*d**3 + d**2 + 2*d - 944*d**3 + 2*d**2 + b. Calculate t(-3).
-2
Let x = -60 + 80. Let k(t) = 35*t**3 - 60*t**2 - 73*t - 16. Let s(b) = 19*b**3 - 31*b**2 - 38*b - 8. Let g(w) = 6*k(w) - 11*s(w). Give g(x).
-8
Suppose 16*y = 47 - 15. Suppose -5*u + 10 = -0*u. Let w be -8 + y - u*-2. Let t(a) = 3*a + 1. Give t(w).
-5
Let g(x) = x**3 + 18*x**2 - 20*x - 19. Suppose a + 16 = -3*t, -8*t = 4*a - 12*t + 80. Calculate g(a).
0
Let y(i) be the third derivative of i**6/120 + 11*i**5/60 + 3*i**4/8 + 4109*i**2. What is y(-10)?
10
Let w be ((-375)/(-6))/5*-26. Let a be 1/(105/w - 4/(-10)). Let z(k) = 2*k - a*k - 1 + 2 + k. Calculate z(-1).
11
Let z(i) be the second derivative of -i**3 + 0 - i - 3/2*i**2. Suppose -8*y + 9*y = 2*r + 3, -r - 3*y = 12. Calculate z(r).
15
Let y be (-66)/(-14) + 2/7. Let d(i) = -30*i + 7*i**2 - 31*i - 38*i - i**3 - 35*i + 1 + 128*i. Determine d(y).
21
Let a = -2737 + 1874. Let m = 863 + a. Let y(n) = 1 + n + n - n. Calculate y(m).
1
Let u(v) = -3*v**2 - v - 8. Let x(k) = -16*k**2 + 7*k - 68. Let g(j) = 5*u(j) - x(j). Determine g(13).
41
Let j(t) be the second derivative of t**5/20 - t**4/6 + t**3/2 - t**2/2 - t + 65. Let q(z) = z - 5. Let o be q(-11). Let i = -14 - o. Calculate j(i).
5
Let x(b) = 3*b - 11. Let c(z) = -z + 3. Let v(j) = -7*c(j) - 2*x(j). Let r(o) = -o**2 + 5*o + 7. Let t(u) = -r(u) + 2*v(u). Give t(5).
5
Let m(o) be the third derivative of o**4/24 - 7*o**3/6 + 1363*o**2. Determine m(2).
-5
Let q(f) be the second derivative of -f**3/6 - 8*f**2 - 949*f. Determine q(-19).
3
Suppose 162 = 7*h - 69. Suppose -2*k + 5 = 2*k + n, 0 = -4*k - 3*n - 1. Let m(l) = -6*l - 12*l**k + h*l**2 - 20*l**2 + 3. What is m(2)?
-5
Suppose 3370 = 3*f - 1262. Let u(t) = -f + 783 + 773 + 2*t. Determine u(-6).
0
Let d(x) = 6*x - 70. Let w be ((-2)/(-3))/((-53)/(-954)). What is d(w)?
2
Let i(p) = -p**2 - 10*p - 3. Suppose 0 = 346*d - 511*d - 1980. Give i(d).
-27
Let j(t) = -2*t - 21. Let d be -4*22/(-16) - (-1)/(-2). Let g(m) = m**2 - 11*m + 16. Let v be g(d). Give j(v).
7
Let y(m) = -m**2 - 6*m - 2. Let w(a) = a**3 - 4*a - 1198*a**2 - 4*a + 20 + 1202*a**2. Let s be w(-6). Determine y(s).
6
Suppose 2*o = -5*r + 32 + 4, -5*r = -3*o + 4. Let k(m) be the first derivative of -m**3/3 + 11*m**2/2 + 7*m - 12324. Determine k(o).
31
Let u(q) be the second derivative of q**5/20 + 13*q**4/12 - 13*q**3/6 - 9*q**2/2 + 2*q. Let g be 24/18*((-234)/36 + -4). Give u(g).
-23
Let x(v) = v + 41895*v**2 - 20948*v**2 - 20949*v**2 - 5. Calculate x(3).
-20
Let i(z) be the second derivative of z**5/20 - 7*z**4/12 - 19*z**3/6 - 9*z**2/2 - 8*z + 352. Determine i(9).
-18
Let p be 18/(-63) - (2 + 3756/(-14)). Let u = -260 + p. Let n(r) = -4*r - 6. What is n(u)?
-30
Let f(c) = 3*c - 30. Let i be f(10). Suppose -9*b + 6 + 12 = i. Let l be b - (2 + 7*(-4 + 5)). Let o(m) = m**3 + 7*m**2 - 4. Give o(l).
-4
Let a(x) = -5*x + 136. Let n be a(26). Let s(l) = 17*l - 89. What is s(n)?
13
Let o(z) be the second derivative of -z**4/12 + z**3/6 + 27*z**2/2 - 12*z. Let t(g) be the first derivative of o(g). Determine t(-2).
5
Suppose -46 = -8*v + 26. Let b(j) = 0 + 2 - 4*j - 2*j - 4 + v*j. Calculate b(-5).
-17
Let a(g) = g**2 - 2*g - 1. Suppose 3*v - 629 = -164. Let q = v + -150. Give a(q).
14
Let z(o) be the third derivative of -1/60*o**5 + 1/120*o**6 - 12*o**2 - 1/24*o**4 + 1/3*o**3 + 2*o + 0. What is z(-2)?
-8
Let b be 1/(1*(-1)/(-3)). Let f(q) = 5*q**3 - 3*q**2 - 9*q + 13. Let v(s) = -2*s**3 + s**2 + 4*s - 6. Let k(p) = -3*f(p) - 7*v(p). Determine k(b).
-9
Let o(r) = 232*r + 131. Let h(l) = -321*l - 183. Let s(k) = -13*h(k) - 18*o(k). Calculate s(-16).
69
Let o(q) = -q**3 + 10*q**2 - 9*q + 10. Let a = 2427 + -2420. What is o(a)?
94
Let h(n) = n**3 + n - 5. Suppose 4*o + 6*k - k = 9, 36 = 4*o - 4*k. Let d be 6/75*5 - 28/(-5). Let z = o - d. Give h(z).
-5
Let u = -914 + 907. Let n(o) = -o**2 - o + 44. Give n(u).
2
Let w(o) = o**3 - 5*o**2 + 12. Let h = -1029 - -1034. Give w(h).
12
Let y = 179 + -177. Let s(m) = 2*m**2 - 13*m + 20. Le